3
What is the hundreds digit of 687?
6
What is the tens digit of 124216?
1
What is the thousands digit of 1383?
1
What is the units digit of 11836?
6
What is the tens digit of 148352?
5
What is the ten thousands digit of 97568?
9
What is the tens digit of 4945?
4
What is the hundreds digit of 38859?
8
What is the tens digit of 3692?
9
What is the thousands digit of 4781?
4
What is the units digit of 2198?
8
What is the hundreds digit of 1204?
2
What is the ten thousands digit of 12413?
1
What is the tens digit of 10663?
6
What is the tens digit of 4359?
5
What is the units digit of 2572?
2
What is the hundreds digit of 3565?
5
What is the thousands digit of 26491?
6
What is the hundreds digit of 4754?
7
What is the ten thousands digit of 12602?
1
What is the tens digit of 22724?
2
What is the hundreds digit of 1276?
2
What is the hundreds digit of 6620?
6
What is the hundreds digit of 13690?
6
What is the hundreds digit of 5880?
8
What is the units digit of 175969?
9
What is the units digit of 7013?
3
What is the hundreds digit of 9210?
2
What is the units digit of 806?
6
What is the units digit of 37769?
9
What is the units digit of 24027?
7
What is the units digit of 17958?
8
What is the tens digit of 4216?
1
What is the ten thousands digit of 33037?
3
What is the thousands digit of 1319?
1
What is the units digit of 5315?
5
What is the thousands digit of 19257?
9
What is the thousands digit of 7862?
7
What is the hundreds digit of 210?
2
What is the tens digit of 1155?
5
What is the units digit of 3245?
5
What is the ten thousands digit of 111112?
1
What is the hundreds digit of 21296?
2
What is the ten thousands digit of 21958?
2
What is the units digit of 3282?
2
What is the thousands digit of 23674?
3
What is the units digit of 24345?
5
What is the units digit of 147225?
5
What is the units digit of 97515?
5
What is the hundreds digit of 8152?
1
What is the hundreds digit of 7511?
5
What is the units digit of 1402?
2
What is the units digit of 9401?
1
What is the ten thousands digit of 37393?
3
What is the ten thousands digit of 16557?
1
What is the hundreds digit of 2326?
3
What is the thousands digit of 8103?
8
What is the thousands digit of 28581?
8
What is the tens digit of 6938?
3
What is the units digit of 6910?
0
What is the units digit of 84117?
7
What is the thousands digit of 51612?
1
What is the units digit of 6765?
5
What is the tens digit of 1415?
1
What is the tens digit of 422?
2
What is the thousands digit of 10058?
0
What is the tens digit of 433?
3
What is the thousands digit of 8900?
8
What is the thousands digit of 23821?
3
What is the units digit of 322?
2
What is the units digit of 26175?
5
What is the thousands digit of 45735?
5
What is the thousands digit of 20600?
0
What is the hundreds digit of 2125?
1
What is the thousands digit of 2250?
2
What is the units digit of 2998?
8
What is the thousands digit of 5918?
5
What is the tens digit of 3471?
7
What is the hundreds digit of 1290?
2
What is the thousands digit of 9712?
9
What is the hundreds digit of 3432?
4
What is the tens digit of 240?
4
What is the units digit of 938?
8
What is the units digit of 6?
6
What is the units digit of 1702?
2
What is the ten thousands digit of 146566?
4
What is the tens digit of 921?
2
What is the thousands digit of 9973?
9
What is the units digit of 545?
5
What is the tens digit of 18068?
6
What is the tens digit of 420?
2
What is the ten thousands digit of 31711?
3
What is the ten thousands digit of 43800?
4
What is the hundreds digit of 401?
4
What is the tens digit of 2441?
4
What is the units digit of 46711?
1
What is the hundreds digit of 10762?
7
What is the tens digit of 260?
6
What is the units digit of 12677?
7
What is the tens digit of 16077?
7
What is the ten thousands digit of 67189?
6
What is the tens digit of 720?
2
What is the tens digit of 1236?
3
What is the hundreds digit of 2642?
6
What is the tens digit of 3909?
0
What is the units digit of 1808?
8
What is the units digit of 635?
5
What is the ten thousands digit of 10317?
1
What is the ten thousands digit of 20861?
2
What is the thousands digit of 5688?
5
What is the hundreds digit of 3685?
6
What is the tens digit of 385?
8
What is the ten thousands digit of 66514?
6
What is the tens digit of 392?
9
What is the units digit of 22502?
2
What is the units digit of 1190?
0
What is the hundreds digit of 13947?
9
What is the thousands digit of 37570?
7
What is the ten thousands digit of 75064?
7
What is the units digit of 23906?
6
What is the units digit of 2079?
9
What is the thousands digit of 68124?
8
What is the ten thousands digit of 113447?
1
What is the ten thousands digit of 142059?
4
What is the thousands digit of 18502?
8
What is the tens digit of 660?
6
What is the hundreds digit of 43751?
7
What is the units digit of 129911?
1
What is the tens digit of 66739?
3
What is the tens digit of 295?
9
What is the hundreds digit of 3622?
6
What is the thousands digit of 4607?
4
What is the thousands digit of 17193?
7
What is the thousands digit of 36723?
6
What is the thousands digit of 2685?
2
What is the tens digit of 28527?
2
What is the units digit of 5873?
3
What is the hundreds digit of 433?
4
What is the ten thousands digit of 23284?
2
What is the units digit of 375?
5
What is the tens digit of 320?
2
What is the tens digit of 50504?
0
What is the units digit of 1047?
7
What is the units digit of 65002?
2
What is the units digit of 1629?
9
What is the thousands digit of 3999?
3
What is the units digit of 2377?
7
What is the units digit of 654?
4
What is the units digit of 14712?
2
What is the thousands digit of 28562?
8
What is the units digit of 127?
7
What is the hundreds digit of 44203?
2
What is the hundreds digit of 575?
5
What is the units digit of 4805?
5
What is the units digit of 4859?
9
What is the tens digit of 67781?
8
What is the tens digit of 913?
1
What is the ten thousands digit of 108028?
0
What is the units digit of 9832?
2
What is the hundreds digit of 94054?
0
What is the tens digit of 5526?
2
What is the tens digit of 78819?
1
What is the units digit of 4530?
0
What is the units digit of 6349?
9
What is the hundreds digit of 1499?
4
What is the units digit of 16029?
9
What is the thousands digit of 2110?
2
What is the units digit of 460?
0
What is the tens digit of 1177?
7
What is the units digit of 82694?
4
What is the tens digit of 1086?
8
What is the hundreds digit of 320?
3
What is the units digit of 30078?
8
What is the thousands digit of 1514?
1
What is the ten thousands digit of 21156?
2
What is the thousands digit of 8093?
8
What is the thousands digit of 17534?
7
What is the units digit of 599?
9
What is the tens digit of 620?
2
What is the units digit of 14865?
5
What is the tens digit of 9599?
9
What is the thousands digit of 1696?
1
What is the units digit of 6920?
0
What is the ten thousands digit of 12044?
1
What is the hundreds digit of 4613?
6
What is the ten thousands digit of 33683?
3
What is the thousands digit of 94288?
4
What is the thousands digit of 1547?
1
What is the thousands digit of 3296?
3
What is the tens digit of 13046?
4
What is the hundred thousands digit of 103216?
1
What is the tens digit of 10388?
8
What is the tens digit of 940?
4
What is the hundreds digit of 3825?
8
What is the units digit of 740?
0
What is the hundreds digit of 344?
3
What is the tens digit of 8391?
9
What is the thousands digit of 1443?
1
What is the units digit of 1230?
0
What is the tens digit of 298?
9
What is the tens digit of 745?
4
What is the hundreds digit of 8987?
9
What is the hundreds digit of 16185?
1
What is the thousands digit of 1102?
1
What is the units digit of 4436?
6
What is the tens digit of 448?
4
What is the units digit of 743?
3
What is the tens digit of 2424?
2
What is the units digit of 469?
9
What is the tens digit of 22636?
3
What is the thousands digit of 26385?
6
What is the tens digit of 135?
3
What is the hundreds digit of 11477?
4
What is the ten thousands digit of 13289?
1
What is the tens digit of 3949?
4
What is the units digit of 866?
6
What is the hundreds digit of 10239?
2
What is the units digit of 42319?
9
What is the hundreds digit of 2279?
2
What is the units digit of 48987?
7
Wha